CRAN Package Check Results for Package zipcodeR

Last updated on 2022-11-29 10:01:18 CET.

Flavor Version Tinstall Tcheck Ttotal Status Flags
r-devel-linux-x86_64-debian-clang 0.3.5 36.31 264.33 300.64 OK
r-devel-linux-x86_64-debian-gcc 0.3.5 29.15 208.08 237.23 OK
r-devel-linux-x86_64-fedora-clang 0.3.5 595.95 NOTE
r-devel-linux-x86_64-fedora-gcc 0.3.5 474.85 NOTE
r-devel-windows-x86_64 0.3.5 40.00 436.00 476.00 OK
r-patched-linux-x86_64 0.3.5 27.47 254.21 281.68 OK
r-release-linux-x86_64 0.3.5 27.19 246.95 274.14 OK
r-release-macos-arm64 0.3.5 124.00 NOTE
r-release-macos-x86_64 0.3.5 176.00 NOTE
r-release-windows-x86_64 0.3.5 48.00 437.00 485.00 OK
r-oldrel-macos-arm64 0.3.5 121.00 NOTE
r-oldrel-macos-x86_64 0.3.5 178.00 NOTE
r-oldrel-windows-ix86+x86_64 0.3.5 93.00 443.00 536.00 OK

Check Details

Version: 0.3.5
Check: data for non-ASCII characters
Result: NOTE
     Note: found 5 marked UTF-8 strings
Flavors: r-devel-linux-x86_64-fedora-clang, r-devel-linux-x86_64-fedora-gcc, r-release-macos-arm64, r-release-macos-x86_64, r-oldrel-macos-arm64, r-oldrel-macos-x86_64