Last updated on 2022-07-05 10:49:08 CEST.
Flavor | Version | Tinstall | Tcheck | Ttotal | Status | Flags |
---|---|---|---|---|---|---|
r-devel-linux-x86_64-debian-clang | 0.1.5 | 14.34 | 122.83 | 137.17 | OK | |
r-devel-linux-x86_64-debian-gcc | 0.1.5 | 10.93 | 94.66 | 105.59 | OK | |
r-devel-linux-x86_64-fedora-clang | 0.1.5 | 171.53 | WARN | |||
r-devel-linux-x86_64-fedora-gcc | 0.1.5 | 173.65 | WARN | |||
r-devel-windows-x86_64 | 0.1.5 | 26.00 | 155.00 | 181.00 | OK | |
r-patched-linux-x86_64 | 0.1.5 | 13.91 | 121.00 | 134.91 | OK | |
r-release-linux-x86_64 | 0.1.5 | 9.76 | 119.36 | 129.12 | OK | |
r-release-macos-arm64 | 0.1.5 | 52.00 | OK | |||
r-release-macos-x86_64 | 0.1.5 | 71.00 | OK | |||
r-release-windows-x86_64 | 0.1.5 | 32.00 | 152.00 | 184.00 | OK | |
r-oldrel-macos-arm64 | 0.1.5 | 58.00 | OK | |||
r-oldrel-macos-x86_64 | 0.1.5 | 106.00 | OK | |||
r-oldrel-windows-ix86+x86_64 | 0.1.5 | 26.00 | 157.00 | 183.00 | OK |
Version: 0.1.5
Check: package dependencies
Result: WARN
Requires (indirectly) orphaned package: ‘gtools’
Flavors: r-devel-linux-x86_64-fedora-clang, r-devel-linux-x86_64-fedora-gcc