CRAN Package Check Results for Package x12

Last updated on 2021-12-01 09:54:46 CET.

Flavor Version Tinstall Tcheck Ttotal Status Flags
r-devel-linux-x86_64-debian-clang 1.9.3 13.05 107.93 120.98 OK
r-devel-linux-x86_64-debian-gcc 1.9.3 9.16 79.31 88.47 OK
r-devel-linux-x86_64-fedora-clang 1.9.3 159.96 OK
r-devel-linux-x86_64-fedora-gcc 1.9.3 143.12 OK
r-devel-windows-x86_64-new-UL 1.9.3 28.00 142.00 170.00 OK
r-devel-windows-x86_64-new-TK 1.9.3 OK
r-devel-windows-x86_64-old 1.9.3 20.00 100.00 120.00 OK
r-patched-linux-x86_64 1.9.3 12.46 109.21 121.67 OK
r-patched-solaris-x86 1.9.3 4.60 ERROR
r-release-linux-x86_64 1.9.3 13.80 104.58 118.38 OK
r-release-macos-arm64 1.9.3 OK
r-release-macos-x86_64 1.9.3 OK
r-release-windows-ix86+x86_64 1.9.3 21.00 111.00 132.00 OK
r-oldrel-macos-x86_64 1.9.3 OK
r-oldrel-windows-ix86+x86_64 1.9.3 19.00 141.00 160.00 OK

Check Details

Version: 1.9.3
Check: package dependencies
Result: ERROR
    Package required but not available: ‘x13binary’
    
    See section ‘The DESCRIPTION file’ in the ‘Writing R Extensions’
    manual.
Flavor: r-patched-solaris-x86