CRAN Package Check Results for Package wrassp

Last updated on 2022-12-09 10:00:38 CET.

Flavor Version Tinstall Tcheck Ttotal Status Flags
r-devel-linux-x86_64-debian-clang 1.0.2 26.38 70.52 96.90 WARN
r-devel-linux-x86_64-debian-gcc 1.0.2 19.87 55.74 75.61 WARN
r-devel-linux-x86_64-fedora-clang 1.0.2 135.23 WARN
r-devel-linux-x86_64-fedora-gcc 1.0.2 135.81 WARN
r-devel-windows-x86_64 1.0.2 66.00 122.00 188.00 OK
r-patched-linux-x86_64 1.0.2 20.44 66.63 87.07 OK
r-release-linux-x86_64 1.0.2 19.26 64.80 84.06 OK
r-release-macos-arm64 1.0.2 49.00 OK
r-release-macos-x86_64 1.0.2 52.00 OK
r-release-windows-x86_64 1.0.2 74.00 112.00 186.00 OK
r-oldrel-macos-arm64 1.0.2 49.00 OK
r-oldrel-macos-x86_64 1.0.2 54.00 OK
r-oldrel-windows-ix86+x86_64 1.0.2 82.00 143.00 225.00 OK

Check Details

Version: 1.0.2
Check: compiled code
Result: WARN
    File 'wrassp/libs/wrassp.so':
     Found '__sprintf_chk', possibly from 'sprintf' (C)
     Objects: 'assp/acf.o', 'assp/mhs.o', 'assp/smp2dur.o',
     'assp/headers.o', 'assp/spectra.o', 'assp/asspfio.o',
     'assp/asspmess.o', 'assp/ksv.o', 'assp/aucheck.o',
     'assp/labelobj.o', 'assp/numdecim.o', 'assp/filter.o',
     'assp/zcr.o', 'assp/rfc.o', 'assp/fmt.o', 'assp/rms.o',
     'dataobj.o'
    
    Compiled code should not call entry points which might terminate R nor
    write to stdout/stderr instead of to the console, nor use Fortran I/O
    nor system RNGs nor [v]sprintf.
    
    See 'Writing portable packages' in the 'Writing R Extensions' manual.
Flavors: r-devel-linux-x86_64-debian-clang, r-devel-linux-x86_64-debian-gcc, r-devel-linux-x86_64-fedora-gcc

Version: 1.0.2
Check: compiled code
Result: WARN
    File ‘wrassp/libs/wrassp.so’:
     Found ‘sprintf’, possibly from ‘sprintf’ (C)
     Objects: ‘assp/acf.o’, ‘assp/mhs.o’, ‘assp/smp2dur.o’,
     ‘assp/headers.o’, ‘assp/spectra.o’, ‘assp/asspfio.o’,
     ‘assp/asspmess.o’, ‘assp/ksv.o’, ‘assp/aucheck.o’,
     ‘assp/labelobj.o’, ‘assp/numdecim.o’, ‘assp/filter.o’,
     ‘assp/zcr.o’, ‘assp/rfc.o’, ‘assp/fmt.o’, ‘assp/rms.o’,
     ‘dataobj.o’
    
    Compiled code should not call entry points which might terminate R nor
    write to stdout/stderr instead of to the console, nor use Fortran I/O
    nor system RNGs nor [v]sprintf.
    
    See ‘Writing portable packages’ in the ‘Writing R Extensions’ manual.
Flavor: r-devel-linux-x86_64-fedora-clang