CRAN Package Check Results for Package wpp2017

Last updated on 2022-05-19 10:56:00 CEST.

Flavor Version Tinstall Tcheck Ttotal Status Flags
r-devel-linux-x86_64-debian-clang 1.2-3 4.37 67.89 72.26 OK
r-devel-linux-x86_64-debian-gcc 1.2-3 2.76 52.24 55.00 OK
r-devel-linux-x86_64-fedora-clang 1.2-3 81.75 NOTE
r-devel-linux-x86_64-fedora-gcc 1.2-3 79.19 OK
r-devel-windows-x86_64 1.2-3 30.00 93.00 123.00 NOTE
r-patched-linux-x86_64 1.2-3 3.50 65.20 68.70 OK
r-release-linux-x86_64 1.2-3 3.31 64.57 67.88 OK
r-release-macos-arm64 1.2-3 27.00 NOTE
r-release-macos-x86_64 1.2-3 44.00 NOTE
r-release-windows-x86_64 1.2-3 35.00 93.00 128.00 NOTE
r-oldrel-macos-arm64 1.2-3 76.00 NOTE
r-oldrel-macos-x86_64 1.2-3 135.00 NOTE
r-oldrel-windows-ix86+x86_64 1.2-3 10.00 77.00 87.00 NOTE

Check Details

Version: 1.2-3
Check: installed package size
Result: NOTE
     installed size is 11.6Mb
     sub-directories of 1Mb or more:
     data 11.4Mb
Flavors: r-devel-linux-x86_64-fedora-clang, r-devel-windows-x86_64, r-release-macos-arm64, r-release-macos-x86_64, r-release-windows-x86_64, r-oldrel-macos-arm64, r-oldrel-macos-x86_64, r-oldrel-windows-ix86+x86_64