Last updated on 2023-06-07 10:58:53 CEST.
Flavor | Version | Tinstall | Tcheck | Ttotal | Status | Flags |
---|---|---|---|---|---|---|
r-devel-linux-x86_64-debian-clang | 1.2-3 | 3.25 | 58.90 | 62.15 | OK | |
r-devel-linux-x86_64-debian-gcc | 1.2-3 | 2.76 | 45.66 | 48.42 | OK | |
r-devel-linux-x86_64-fedora-clang | 1.2-3 | 75.22 | NOTE | |||
r-devel-linux-x86_64-fedora-gcc | 1.2-3 | 71.68 | OK | |||
r-devel-windows-x86_64 | 1.2-3 | 11.00 | 74.00 | 85.00 | NOTE | |
r-patched-linux-x86_64 | 1.2-3 | 3.00 | 55.64 | 58.64 | OK | |
r-release-linux-x86_64 | 1.2-3 | 3.63 | 54.80 | 58.43 | OK | |
r-release-macos-arm64 | 1.2-3 | 34.00 | NOTE | |||
r-release-macos-x86_64 | 1.2-3 | 44.00 | NOTE | |||
r-release-windows-x86_64 | 1.2-3 | 6.00 | 81.00 | 87.00 | NOTE | |
r-oldrel-macos-arm64 | 1.2-3 | 28.00 | NOTE | |||
r-oldrel-macos-x86_64 | 1.2-3 | 44.00 | NOTE | |||
r-oldrel-windows-x86_64 | 1.2-3 | 10.00 | 82.00 | 92.00 | NOTE |
Version: 1.2-3
Check: installed package size
Result: NOTE
installed size is 11.6Mb
sub-directories of 1Mb or more:
data 11.4Mb
Flavors: r-devel-linux-x86_64-fedora-clang, r-devel-windows-x86_64, r-release-macos-arm64, r-release-macos-x86_64, r-release-windows-x86_64, r-oldrel-macos-arm64, r-oldrel-macos-x86_64, r-oldrel-windows-x86_64