Last updated on 2022-05-16 10:52:54 CEST.
Flavor | Version | Tinstall | Tcheck | Ttotal | Status | Flags |
---|---|---|---|---|---|---|
r-devel-linux-x86_64-debian-clang | 1.1-2 | 3.58 | 52.39 | 55.97 | OK | |
r-devel-linux-x86_64-debian-gcc | 1.1-2 | 2.70 | 41.18 | 43.88 | OK | |
r-devel-linux-x86_64-fedora-clang | 1.1-2 | 66.90 | NOTE | |||
r-devel-linux-x86_64-fedora-gcc | 1.1-2 | 66.26 | OK | |||
r-devel-windows-x86_64 | 1.1-2 | 30.00 | 85.00 | 115.00 | NOTE | |
r-patched-linux-x86_64 | 1.1-2 | 3.65 | 50.21 | 53.86 | OK | |
r-release-linux-x86_64 | 1.1-2 | 3.58 | 51.17 | 54.75 | OK | |
r-release-macos-arm64 | 1.1-2 | 25.00 | NOTE | |||
r-release-macos-x86_64 | 1.1-2 | 36.00 | NOTE | |||
r-release-windows-x86_64 | 1.1-2 | 29.00 | 84.00 | 113.00 | NOTE | |
r-oldrel-macos-arm64 | 1.1-2 | 29.00 | NOTE | |||
r-oldrel-macos-x86_64 | 1.1-2 | 44.00 | NOTE | |||
r-oldrel-windows-ix86+x86_64 | 1.1-2 | 9.00 | 68.00 | 77.00 | NOTE |
Version: 1.1-2
Check: installed package size
Result: NOTE
installed size is 11.4Mb
sub-directories of 1Mb or more:
data 11.2Mb
Flavors: r-devel-linux-x86_64-fedora-clang, r-devel-windows-x86_64, r-release-macos-arm64, r-release-macos-x86_64, r-release-windows-x86_64, r-oldrel-macos-arm64, r-oldrel-macos-x86_64, r-oldrel-windows-ix86+x86_64