CRAN Package Check Results for Package wkutils

Last updated on 2025-01-19 11:49:21 CET.

Flavor Version Tinstall Tcheck Ttotal Status Flags
r-devel-linux-x86_64-debian-clang 0.1.3 49.39 29.84 79.23 NOTE
r-devel-linux-x86_64-debian-gcc 0.1.3 41.27 23.22 64.49 NOTE
r-devel-linux-x86_64-fedora-clang 0.1.3 156.51 NOTE
r-devel-linux-x86_64-fedora-gcc 0.1.3 169.71 NOTE
r-devel-windows-x86_64 0.1.3 59.00 79.00 138.00 NOTE
r-patched-linux-x86_64 0.1.3 64.43 28.98 93.41 NOTE
r-release-linux-x86_64 0.1.3 57.58 29.07 86.65 NOTE
r-release-macos-arm64 0.1.3 42.00 NOTE
r-release-macos-x86_64 0.1.3 46.00 NOTE
r-release-windows-x86_64 0.1.3 59.00 90.00 149.00 NOTE
r-oldrel-macos-arm64 0.1.3 54.00 NOTE
r-oldrel-macos-x86_64 0.1.3 84.00 NOTE
r-oldrel-windows-x86_64 0.1.3 63.00 91.00 154.00 NOTE

Check Details

Version: 0.1.3
Check: C++ specification
Result: NOTE Specified C++11: please drop specification unless essential Flavors: r-devel-linux-x86_64-debian-clang, r-devel-linux-x86_64-debian-gcc, r-devel-linux-x86_64-fedora-clang, r-devel-linux-x86_64-fedora-gcc, r-devel-windows-x86_64, r-patched-linux-x86_64, r-release-linux-x86_64, r-release-macos-arm64, r-release-macos-x86_64, r-release-windows-x86_64, r-oldrel-macos-arm64, r-oldrel-macos-x86_64, r-oldrel-windows-x86_64

Version: 0.1.3
Check: Rd cross-references
Result: NOTE Found the following Rd file(s) with Rd \link{} targets missing package anchors: wkt_plot.Rd: wkt, wkb Please provide package anchors for all Rd \link{} targets not in the package itself and the base packages. Flavors: r-devel-linux-x86_64-debian-clang, r-devel-linux-x86_64-debian-gcc, r-devel-windows-x86_64