CRAN Package Check Results for Package widyr

Last updated on 2022-01-22 09:54:22 CET.

Flavor Version Tinstall Tcheck Ttotal Status Flags
r-devel-linux-x86_64-debian-clang 0.1.4 9.13 130.67 139.80 OK
r-devel-linux-x86_64-debian-gcc 0.1.4 7.80 99.01 106.81 OK
r-devel-linux-x86_64-fedora-clang 0.1.4 179.74 NOTE
r-devel-linux-x86_64-fedora-gcc 0.1.4 155.51 NOTE
r-devel-windows-x86_64-new-UL 0.1.4 27.00 174.00 201.00 OK
r-devel-windows-x86_64-new-TK 0.1.4 NOTE
r-patched-linux-x86_64 0.1.4 7.27 126.64 133.91 OK
r-release-linux-x86_64 0.1.4 6.43 127.51 133.94 OK
r-release-macos-arm64 0.1.4 NOTE
r-release-macos-x86_64 0.1.4 NOTE
r-release-windows-ix86+x86_64 0.1.4 22.00 165.00 187.00 OK
r-oldrel-macos-x86_64 0.1.4 NOTE
r-oldrel-windows-ix86+x86_64 0.1.4 22.00 164.00 186.00 OK

Check Details

Version: 0.1.4
Check: dependencies in R code
Result: NOTE
    Namespace in Imports field not imported from: ‘gapminder’
     All declared Imports should be used.
Flavors: r-devel-linux-x86_64-fedora-clang, r-devel-linux-x86_64-fedora-gcc, r-devel-windows-x86_64-new-TK, r-release-macos-arm64, r-release-macos-x86_64, r-oldrel-macos-x86_64