CRAN Package Check Results for Package whippr

Last updated on 2022-12-09 10:00:38 CET.

Flavor Version Tinstall Tcheck Ttotal Status Flags
r-devel-linux-x86_64-debian-clang 0.1.2 7.32 165.13 172.45 OK
r-devel-linux-x86_64-debian-gcc 0.1.2 6.61 120.90 127.51 OK
r-devel-linux-x86_64-fedora-clang 0.1.2 231.42 OK
r-devel-linux-x86_64-fedora-gcc 0.1.2 227.07 OK
r-devel-windows-x86_64 0.1.2 24.00 212.00 236.00 OK
r-patched-linux-x86_64 0.1.2 9.00 151.90 160.90 OK
r-release-linux-x86_64 0.1.2 5.11 152.80 157.91 OK
r-release-macos-arm64 0.1.2 64.00 OK
r-release-macos-x86_64 0.1.2 96.00 OK
r-release-windows-x86_64 0.1.2 22.00 192.00 214.00 OK
r-oldrel-macos-arm64 0.1.2 63.00 OK
r-oldrel-macos-x86_64 0.1.2 100.00 OK
r-oldrel-windows-ix86+x86_64 0.1.2 20.00 195.00 215.00 ERROR

Check Details

Version: 0.1.2
Check: PDF version of manual
Result: WARN
    LaTeX errors when creating PDF version.
    This typically indicates Rd problems.
    LaTeX errors found:
    ! Package inputenc Error: Unicode char â<c2><80><c2><90> (U+2010)
    (inputenc) not set up for use with LaTeX.
    
    See the inputenc package documentation for explanation.
    Type H <return> for immediate help.
    ! Package inputenc Error: Unicode char â<c2><80><c2><90> (U+2010)
    (inputenc) not set up for use with LaTeX.
    
    See the inputenc package documentation for explanation.
    Type H <return> for immediate help.
    ! Package inputenc Error: Unicode char â<c2><80><c2><90> (U+2010)
    (inputenc) not set up for use with LaTeX.
    
    See the inputenc package documentation for explanation.
    Type H <return> for immediate help.
    ! Package inputenc Error: Unicode char â<c2><80><c2><90> (U+2010)
    (inputenc) not set up for use with LaTeX.
    
    See the inputenc package documentation for explanation.
    Type H <return> for immediate help.
Flavor: r-oldrel-windows-ix86+x86_64

Version: 0.1.2
Check: PDF version of manual without hyperrefs or index
Result: ERROR
Flavor: r-oldrel-windows-ix86+x86_64