Last updated on 2023-05-31 09:56:56 CEST.
Flavor | Version | Tinstall | Tcheck | Ttotal | Status | Flags |
---|---|---|---|---|---|---|
r-devel-linux-x86_64-debian-clang | 0.1.1 | 8.01 | 289.97 | 297.98 | OK | |
r-devel-linux-x86_64-debian-gcc | 0.1.1 | 8.36 | 156.58 | 164.94 | OK | |
r-devel-linux-x86_64-fedora-clang | 0.1.1 | 322.17 | NOTE | |||
r-devel-linux-x86_64-fedora-gcc | 0.1.1 | 232.69 | OK | |||
r-devel-windows-x86_64 | 0.1.1 | 11.00 | 165.00 | 176.00 | OK | |
r-patched-linux-x86_64 | 0.1.1 | 9.52 | 198.26 | 207.78 | OK | |
r-release-linux-x86_64 | 0.1.1 | 6.32 | 197.07 | 203.39 | OK | |
r-release-macos-arm64 | 0.1.1 | 71.00 | OK | |||
r-release-macos-x86_64 | 0.1.1 | 112.00 | OK | |||
r-release-windows-x86_64 | 0.1.1 | 14.00 | 194.00 | 208.00 | OK | |
r-oldrel-macos-arm64 | 0.1.1 | 62.00 | OK | |||
r-oldrel-macos-x86_64 | 0.1.1 | 99.00 | OK | |||
r-oldrel-windows-x86_64 | 0.1.1 | 13.00 | 180.00 | 193.00 | OK |
Version: 0.1.1
Check: Rd cross-references
Result: NOTE
Undeclared package ‘purrr’ in Rd xrefs
Flavor: r-devel-linux-x86_64-fedora-clang