CRAN Package Check Results for Package wdpar

Last updated on 2022-01-26 10:54:34 CET.

Flavor Version Tinstall Tcheck Ttotal Status Flags
r-devel-linux-x86_64-debian-clang 1.3.2 5.49 81.82 87.31 NOTE
r-devel-linux-x86_64-debian-gcc 1.3.2 3.73 62.55 66.28 NOTE
r-devel-linux-x86_64-fedora-clang 1.3.2 105.01 NOTE
r-devel-linux-x86_64-fedora-gcc 1.3.2 93.20 NOTE
r-devel-windows-x86_64-new-UL 1.3.2 29.00 101.00 130.00 NOTE
r-devel-windows-x86_64-new-TK 1.3.2 NOTE
r-patched-linux-x86_64 1.3.2 4.93 74.58 79.51 NOTE
r-release-linux-x86_64 1.3.2 4.51 74.38 78.89 NOTE
r-release-macos-arm64 1.3.2 NOTE
r-release-macos-x86_64 1.3.2 NOTE
r-release-windows-ix86+x86_64 1.3.2 16.00 88.00 104.00 NOTE
r-oldrel-macos-x86_64 1.3.2 NOTE
r-oldrel-windows-ix86+x86_64 1.3.2 15.00 89.00 104.00 NOTE

Check Details

Version: 1.3.2
Check: package dependencies
Result: NOTE
    Package suggested but not available for checking: 'prepr'
Flavors: r-devel-linux-x86_64-debian-clang, r-devel-linux-x86_64-debian-gcc, r-devel-linux-x86_64-fedora-clang, r-devel-linux-x86_64-fedora-gcc, r-devel-windows-x86_64-new-UL, r-devel-windows-x86_64-new-TK, r-patched-linux-x86_64, r-release-linux-x86_64, r-release-macos-arm64, r-release-macos-x86_64, r-release-windows-ix86+x86_64, r-oldrel-macos-x86_64, r-oldrel-windows-ix86+x86_64