CRAN Package Check Results for Package wdnr.gis

Last updated on 2022-12-01 09:59:46 CET.

Flavor Version Tinstall Tcheck Ttotal Status Flags
r-devel-linux-x86_64-debian-clang 0.1.4 6.78 78.20 84.98 OK
r-devel-linux-x86_64-debian-gcc 0.1.4 5.88 58.18 64.06 OK
r-devel-linux-x86_64-fedora-clang 0.1.4 119.80 NOTE
r-devel-linux-x86_64-fedora-gcc 0.1.4 115.30 NOTE
r-devel-windows-x86_64 0.1.4 30.00 108.00 138.00 OK
r-patched-linux-x86_64 0.1.4 14.21 71.78 85.99 OK
r-release-linux-x86_64 0.1.4 5.51 72.98 78.49 OK
r-release-macos-arm64 0.1.4 32.00 NOTE
r-release-macos-x86_64 0.1.4 43.00 NOTE
r-release-windows-x86_64 0.1.4 16.00 107.00 123.00 OK
r-oldrel-macos-arm64 0.1.4 33.00 NOTE
r-oldrel-macos-x86_64 0.1.4 46.00 NOTE
r-oldrel-windows-ix86+x86_64 0.1.4 19.00 98.00 117.00 OK

Check Details

Version: 0.1.4
Check: dependencies in R code
Result: NOTE
    Namespaces in Imports field not imported from:
     ‘ggplot2’ ‘httr’ ‘jsonlite’
     All declared Imports should be used.
Flavors: r-devel-linux-x86_64-fedora-clang, r-devel-linux-x86_64-fedora-gcc, r-release-macos-arm64, r-release-macos-x86_64, r-oldrel-macos-arm64, r-oldrel-macos-x86_64