Last updated on 2023-06-03 10:53:13 CEST.
Flavor | Version | Tinstall | Tcheck | Ttotal | Status | Flags |
---|---|---|---|---|---|---|
r-devel-linux-x86_64-debian-clang | 1.1.0 | 120.73 | 188.65 | 309.38 | OK | |
r-devel-linux-x86_64-debian-gcc | 1.1.0 | 95.29 | 138.57 | 233.86 | OK | |
r-devel-linux-x86_64-fedora-clang | 1.1.0 | 424.83 | OK | |||
r-devel-linux-x86_64-fedora-gcc | 1.1.0 | 416.10 | OK | |||
r-devel-windows-x86_64 | 1.1.0 | 93.00 | 171.00 | 264.00 | OK | |
r-patched-linux-x86_64 | 1.1.0 | OK | ||||
r-release-linux-x86_64 | 1.1.0 | 98.72 | 172.85 | 271.57 | OK | |
r-release-macos-arm64 | 1.1.0 | 92.00 | OK | |||
r-release-macos-x86_64 | 1.0.0 | 177.00 | NOTE | |||
r-release-windows-x86_64 | 1.1.0 | 118.00 | 215.00 | 333.00 | OK | |
r-oldrel-macos-arm64 | 1.1.0 | 103.00 | OK | |||
r-oldrel-macos-x86_64 | 1.1.0 | 122.00 | OK | |||
r-oldrel-windows-x86_64 | 1.1.0 | 114.00 | 192.00 | 306.00 | OK |
Version: 1.0.0
Check: C++ specification
Result: NOTE
Specified C++11: please drop specification unless essential
Flavor: r-release-macos-x86_64