CRAN Package Check Results for Package warp

Last updated on 2022-11-30 10:59:07 CET.

Flavor Version Tinstall Tcheck Ttotal Status Flags
r-devel-linux-x86_64-debian-clang 0.2.0 5.61 60.78 66.39 NOTE
r-devel-linux-x86_64-debian-gcc 0.2.0 4.10 46.75 50.85 NOTE
r-devel-linux-x86_64-fedora-clang 0.2.0 95.53 NOTE
r-devel-linux-x86_64-fedora-gcc 0.2.0 92.22 NOTE
r-devel-windows-x86_64 0.2.0 22.00 89.00 111.00 NOTE
r-patched-linux-x86_64 0.2.0 5.06 52.78 57.84 NOTE
r-release-linux-x86_64 0.2.0 5.17 53.36 58.53 NOTE
r-release-macos-arm64 0.2.0 27.00 NOTE
r-release-macos-x86_64 0.2.0 44.00 NOTE
r-release-windows-x86_64 0.2.0 22.00 88.00 110.00 NOTE
r-oldrel-macos-arm64 0.2.0 34.00 NOTE
r-oldrel-macos-x86_64 0.2.0 61.00 NOTE
r-oldrel-windows-ix86+x86_64 0.2.0 18.00 131.00 149.00 NOTE

Check Details

Version: 0.2.0
Check: LazyData
Result: NOTE
     'LazyData' is specified without a 'data' directory
Flavors: r-devel-linux-x86_64-debian-clang, r-devel-linux-x86_64-debian-gcc, r-devel-linux-x86_64-fedora-clang, r-devel-linux-x86_64-fedora-gcc, r-devel-windows-x86_64, r-patched-linux-x86_64, r-release-linux-x86_64, r-release-macos-arm64, r-release-macos-x86_64, r-release-windows-x86_64, r-oldrel-macos-arm64, r-oldrel-macos-x86_64, r-oldrel-windows-ix86+x86_64