Last updated on 2022-05-16 10:52:54 CEST.
Flavor | Version | Tinstall | Tcheck | Ttotal | Status | Flags |
---|---|---|---|---|---|---|
r-devel-linux-x86_64-debian-clang | 1.1.3 | 5.51 | 47.74 | 53.25 | OK | |
r-devel-linux-x86_64-debian-gcc | 1.1.3 | 3.98 | 36.58 | 40.56 | OK | |
r-devel-linux-x86_64-fedora-clang | 1.1.3 | 62.44 | NOTE | |||
r-devel-linux-x86_64-fedora-gcc | 1.1.3 | 60.56 | NOTE | |||
r-devel-windows-x86_64 | 1.1.3 | 35.00 | 67.00 | 102.00 | OK | |
r-patched-linux-x86_64 | 1.1.3 | 4.73 | 45.06 | 49.79 | OK | |
r-release-linux-x86_64 | 1.1.3 | 3.23 | 45.01 | 48.24 | OK | |
r-release-macos-arm64 | 1.1.3 | 19.00 | NOTE | |||
r-release-macos-x86_64 | 1.1.3 | 37.00 | NOTE | |||
r-release-windows-x86_64 | 1.1.3 | 35.00 | 61.00 | 96.00 | OK | |
r-oldrel-macos-arm64 | 1.1.3 | 17.00 | NOTE | |||
r-oldrel-macos-x86_64 | 1.1.3 | 29.00 | NOTE | |||
r-oldrel-windows-ix86+x86_64 | 1.1.3 | 18.00 | 65.00 | 83.00 | OK |
Version: 1.1.3
Check: dependencies in R code
Result: NOTE
Namespaces in Imports field not imported from:
‘DT’ ‘ENMeval’ ‘RColorBrewer’ ‘dismo’ ‘dplyr’ ‘ecospat’ ‘jsonlite’
‘leaflet.extras’ ‘raster’ ‘rgdal’ ‘rgeos’ ‘rmarkdown’ ‘shinyjs’ ‘sp’
‘spThin’ ‘spocc’ ‘zip’
All declared Imports should be used.
Flavors: r-devel-linux-x86_64-fedora-clang, r-devel-linux-x86_64-fedora-gcc, r-release-macos-arm64, r-release-macos-x86_64, r-oldrel-macos-arm64, r-oldrel-macos-x86_64