Last updated on 2022-05-27 10:54:01 CEST.
Flavor | Version | Tinstall | Tcheck | Ttotal | Status | Flags |
---|---|---|---|---|---|---|
r-devel-linux-x86_64-debian-clang | 0.2.5 | 7.15 | 56.40 | 63.55 | OK | |
r-devel-linux-x86_64-debian-gcc | 0.2.5 | 6.88 | 43.33 | 50.21 | OK | |
r-devel-linux-x86_64-fedora-clang | 0.2.5 | 78.82 | NOTE | |||
r-devel-linux-x86_64-fedora-gcc | 0.2.5 | 67.14 | NOTE | |||
r-devel-windows-x86_64 | 0.2.5 | 41.00 | 84.00 | 125.00 | OK | |
r-patched-linux-x86_64 | 0.2.5 | 8.86 | 54.64 | 63.50 | OK | |
r-release-linux-x86_64 | 0.2.5 | 6.76 | 53.79 | 60.55 | OK | |
r-release-macos-arm64 | 0.2.5 | 25.00 | NOTE | |||
r-release-macos-x86_64 | 0.2.5 | 34.00 | NOTE | |||
r-release-windows-x86_64 | 0.2.5 | 38.00 | 89.00 | 127.00 | OK | |
r-oldrel-macos-arm64 | 0.2.5 | 22.00 | NOTE | |||
r-oldrel-macos-x86_64 | 0.2.5 | 37.00 | NOTE | |||
r-oldrel-windows-ix86+x86_64 | 0.2.5 | 19.00 | 70.00 | 89.00 | OK |
Version: 0.2.5
Check: dependencies in R code
Result: NOTE
Namespace in Imports field not imported from: ‘R6’
All declared Imports should be used.
Flavors: r-devel-linux-x86_64-fedora-clang, r-devel-linux-x86_64-fedora-gcc, r-release-macos-arm64, r-release-macos-x86_64, r-oldrel-macos-arm64, r-oldrel-macos-x86_64