CRAN Package Check Results for Package vroom

Last updated on 2022-05-26 09:53:36 CEST.

Flavor Version Tinstall Tcheck Ttotal Status Flags
r-devel-linux-x86_64-debian-clang 1.5.7 128.11 131.61 259.72 OK
r-devel-linux-x86_64-debian-gcc 1.5.7 119.07 103.02 222.09 OK
r-devel-linux-x86_64-fedora-clang 1.5.7 323.90 NOTE
r-devel-linux-x86_64-fedora-gcc 1.5.7 326.53 OK
r-devel-windows-x86_64 1.5.7 193.00 202.00 395.00 OK
r-patched-linux-x86_64 1.5.7 124.44 123.48 247.92 OK
r-release-linux-x86_64 1.5.7 OK
r-release-macos-arm64 1.5.7 87.00 NOTE
r-release-macos-x86_64 1.5.7 121.00 NOTE
r-release-windows-x86_64 1.5.7 175.00 189.00 364.00 OK
r-oldrel-macos-arm64 1.5.7 456.00 NOTE
r-oldrel-macos-x86_64 1.5.7 113.00 NOTE
r-oldrel-windows-ix86+x86_64 1.5.7 343.00 239.00 582.00 OK

Additional issues

rchk

Check Details

Version: 1.5.7
Check: installed package size
Result: NOTE
     installed size is 8.4Mb
     sub-directories of 1Mb or more:
     libs 6.9Mb
Flavors: r-devel-linux-x86_64-fedora-clang, r-release-macos-arm64, r-release-macos-x86_64, r-oldrel-macos-arm64, r-oldrel-macos-x86_64

Version: 1.5.7
Check: Rd cross-references
Result: NOTE
    Undeclared package ‘readr’ in Rd xrefs
Flavor: r-devel-linux-x86_64-fedora-clang