CRAN Package Check Results for Package voi

Last updated on 2024-03-03 10:53:00 CET.

Flavor Version Tinstall Tcheck Ttotal Status Flags
r-devel-linux-x86_64-debian-clang 1.0.2 16.64 401.14 417.78 NOTE
r-devel-linux-x86_64-debian-gcc 1.0.2 13.43 291.46 304.89 NOTE
r-devel-linux-x86_64-fedora-clang 1.0.2 525.46 NOTE
r-devel-linux-x86_64-fedora-gcc 1.0.2 494.64 OK
r-devel-windows-x86_64 1.0.2 15.00 264.00 279.00 OK
r-patched-linux-x86_64 1.0.2 19.00 392.49 411.49 NOTE
r-release-linux-x86_64 1.0.2 17.43 382.37 399.80 NOTE
r-release-macos-arm64 1.0.2 145.00 NOTE
r-release-macos-x86_64 1.0.2 351.00 NOTE
r-release-windows-x86_64 1.0.2 20.00 360.00 380.00 NOTE
r-oldrel-macos-arm64 1.0.2 140.00 NOTE
r-oldrel-windows-x86_64 1.0.2 21.00 359.00 380.00 NOTE

Check Details

Version: 1.0.2
Check: package dependencies
Result: NOTE Package suggested but not available for checking: ‘INLA’ Flavors: r-devel-linux-x86_64-debian-clang, r-devel-linux-x86_64-debian-gcc, r-patched-linux-x86_64, r-release-linux-x86_64, r-release-macos-arm64, r-release-macos-x86_64, r-release-windows-x86_64, r-oldrel-macos-arm64, r-oldrel-windows-x86_64

Version: 1.0.2
Check: Rd cross-references
Result: NOTE Package unavailable to check Rd xrefs: ‘INLA’ Flavors: r-devel-linux-x86_64-debian-clang, r-devel-linux-x86_64-debian-gcc, r-patched-linux-x86_64, r-release-linux-x86_64, r-release-macos-arm64, r-release-macos-x86_64, r-release-windows-x86_64, r-oldrel-macos-arm64, r-oldrel-windows-x86_64

Version: 1.0.2
Check: installed package size
Result: NOTE installed size is 5.0Mb sub-directories of 1Mb or more: data 2.6Mb Flavor: r-devel-linux-x86_64-fedora-clang