Last updated on 2023-02-05 09:57:34 CET.
Flavor | Version | Tinstall | Tcheck | Ttotal | Status | Flags |
---|---|---|---|---|---|---|
r-devel-linux-x86_64-debian-clang | 1.3.5 | 21.39 | 161.61 | 183.00 | OK | |
r-devel-linux-x86_64-debian-gcc | 1.3.5 | 18.01 | 120.38 | 138.39 | OK | |
r-devel-linux-x86_64-fedora-clang | 1.3.5 | 232.45 | NOTE | |||
r-devel-linux-x86_64-fedora-gcc | 1.3.5 | 247.70 | OK | |||
r-devel-windows-x86_64 | 1.3.5 | 37.00 | 184.00 | 221.00 | OK | |
r-patched-linux-x86_64 | 1.3.5 | 24.13 | 169.97 | 194.10 | OK | |
r-release-linux-x86_64 | 1.3.5 | 25.75 | 169.45 | 195.20 | OK | |
r-release-macos-arm64 | 1.3.5 | 88.00 | OK | |||
r-release-macos-x86_64 | 1.3.5 | 152.00 | OK | |||
r-release-windows-x86_64 | 1.3.5 | 30.00 | 201.00 | 231.00 | OK | |
r-oldrel-macos-arm64 | 1.3.5 | 94.00 | OK | |||
r-oldrel-macos-x86_64 | 1.3.5 | 157.00 | OK | |||
r-oldrel-windows-ix86+x86_64 | 1.3.5 | 42.00 | 190.00 | 232.00 | OK |
Version: 1.3.5
Check: package dependencies
Result: NOTE
Imports includes 23 non-default packages.
Importing from so many packages makes the package vulnerable to any of
them becoming unavailable. Move as many as possible to Suggests and
use conditionally.
Flavor: r-devel-linux-x86_64-fedora-clang