CRAN Package Check Results for Package visualpred

Last updated on 2022-01-26 10:54:34 CET.

Flavor Version Tinstall Tcheck Ttotal Status Flags
r-devel-linux-x86_64-debian-clang 0.1.0 12.81 240.81 253.62 OK
r-devel-linux-x86_64-debian-gcc 0.1.0 9.89 175.60 185.49 OK
r-devel-linux-x86_64-fedora-clang 0.1.0 289.38 OK
r-devel-linux-x86_64-fedora-gcc 0.1.0 276.79 OK
r-devel-windows-x86_64-new-UL 0.1.0 53.00 264.00 317.00 OK
r-devel-windows-x86_64-new-TK 0.1.0 ERROR
r-patched-linux-x86_64 0.1.0 10.97 230.41 241.38 OK
r-release-linux-x86_64 0.1.0 10.93 222.07 233.00 OK
r-release-macos-arm64 0.1.0 OK
r-release-macos-x86_64 0.1.0 OK
r-release-windows-ix86+x86_64 0.1.0 29.00 267.00 296.00 OK
r-oldrel-macos-x86_64 0.1.0 OK
r-oldrel-windows-ix86+x86_64 0.1.0 30.00 266.00 296.00 OK

Check Details

Version: 0.1.0
Check: package dependencies
Result: ERROR
    Package required but not available: 'FactoMineR'
    
    See section 'The DESCRIPTION file' in the 'Writing R Extensions'
    manual.
Flavor: r-devel-windows-x86_64-new-TK