Last updated on 2023-04-01 10:50:17 CEST.
Flavor | Version | Tinstall | Tcheck | Ttotal | Status | Flags |
---|---|---|---|---|---|---|
r-devel-linux-x86_64-debian-clang | 0.1.8 | 6.21 | 62.52 | 68.73 | OK | |
r-devel-linux-x86_64-debian-gcc | 0.1.8 | 5.60 | 48.26 | 53.86 | OK | |
r-devel-linux-x86_64-fedora-clang | 0.1.8 | 82.97 | OK | |||
r-devel-linux-x86_64-fedora-gcc | 0.1.8 | 96.70 | OK | |||
r-patched-linux-x86_64 | 0.1.8 | 6.14 | 59.48 | 65.62 | OK | |
r-release-linux-x86_64 | 0.1.8 | 6.61 | 59.96 | 66.57 | OK | |
r-release-macos-arm64 | 0.1.8 | 27.00 | OK | |||
r-release-macos-x86_64 | 0.1.8 | 38.00 | OK | |||
r-release-windows-x86_64 | 0.1.8 | 36.00 | 423.00 | 459.00 | OK | |
r-oldrel-macos-arm64 | 0.1.8 | 30.00 | OK | |||
r-oldrel-macos-x86_64 | 0.1.8 | 38.00 | OK | |||
r-oldrel-windows-ix86+x86_64 | 0.1.8 | 14.00 | 121.00 | 135.00 | NOTE |
Version: 0.1.8
Check: R code for possible problems
Result: NOTE
Initiating curl with CURL_SSL_BACKEND: openssl
Flavor: r-oldrel-windows-ix86+x86_64