Last updated on 2023-03-31 10:51:34 CEST.
Flavor | Version | Tinstall | Tcheck | Ttotal | Status | Flags |
---|---|---|---|---|---|---|
r-devel-linux-x86_64-debian-clang | 0.4.2 | 4.78 | 56.45 | 61.23 | OK | |
r-devel-linux-x86_64-debian-gcc | 0.4.2 | 4.12 | 42.88 | 47.00 | OK | |
r-devel-linux-x86_64-fedora-clang | 0.4.2 | 76.70 | OK | |||
r-devel-linux-x86_64-fedora-gcc | 0.4.2 | 84.01 | OK | |||
r-patched-linux-x86_64 | 0.4.2 | 5.65 | 54.20 | 59.85 | OK | |
r-release-linux-x86_64 | 0.4.2 | 4.41 | 54.25 | 58.66 | OK | |
r-release-macos-arm64 | 0.4.2 | 26.00 | OK | |||
r-release-macos-x86_64 | 0.4.2 | 39.00 | OK | |||
r-release-windows-x86_64 | 0.4.2 | 93.00 | 126.00 | 219.00 | OK | |
r-oldrel-macos-arm64 | 0.4.2 | 28.00 | OK | |||
r-oldrel-macos-x86_64 | 0.4.2 | 44.00 | OK | |||
r-oldrel-windows-ix86+x86_64 | 0.4.2 | 11.00 | 89.00 | 100.00 | NOTE |
Version: 0.4.2
Check: dependencies in R code
Result: NOTE
Initiating curl with CURL_SSL_BACKEND: openssl
Flavor: r-oldrel-windows-ix86+x86_64