CRAN Package Check Results for Package varjmcm

Last updated on 2022-11-26 10:00:56 CET.

Flavor Version Tinstall Tcheck Ttotal Status Flags
r-devel-linux-x86_64-debian-clang 0.1.1 6.57 75.68 82.25 NOTE
r-devel-linux-x86_64-debian-gcc 0.1.1 5.78 56.99 62.77 NOTE
r-devel-linux-x86_64-fedora-clang 0.1.1 114.37 NOTE
r-devel-linux-x86_64-fedora-gcc 0.1.1 111.09 NOTE
r-devel-windows-x86_64 0.1.1 15.00 96.00 111.00 NOTE
r-patched-linux-x86_64 0.1.1 NOTE
r-release-linux-x86_64 0.1.1 7.47 72.03 79.50 NOTE
r-release-macos-arm64 0.1.1 30.00 NOTE
r-release-macos-x86_64 0.1.1 43.00 NOTE
r-release-windows-x86_64 0.1.1 12.00 99.00 111.00 NOTE
r-oldrel-macos-arm64 0.1.1 37.00 NOTE
r-oldrel-macos-x86_64 0.1.1 60.00 NOTE
r-oldrel-windows-ix86+x86_64 0.1.1 19.00 94.00 113.00 NOTE

Check Details

Version: 0.1.1
Check: LazyData
Result: NOTE
     'LazyData' is specified without a 'data' directory
Flavors: r-devel-linux-x86_64-debian-clang, r-devel-linux-x86_64-debian-gcc, r-devel-linux-x86_64-fedora-clang, r-devel-linux-x86_64-fedora-gcc, r-devel-windows-x86_64, r-patched-linux-x86_64, r-release-linux-x86_64, r-release-macos-arm64, r-release-macos-x86_64, r-release-windows-x86_64, r-oldrel-macos-arm64, r-oldrel-macos-x86_64, r-oldrel-windows-ix86+x86_64