CRAN Package Check Results for Package vardpoor

Last updated on 2021-12-08 10:52:05 CET.

Flavor Version Tinstall Tcheck Ttotal Status Flags
r-devel-linux-x86_64-debian-clang 0.20.1 14.36 109.15 123.51 NOTE
r-devel-linux-x86_64-debian-gcc 0.20.1 11.12 78.30 89.42 NOTE
r-devel-linux-x86_64-fedora-clang 0.20.1 144.71 NOTE
r-devel-linux-x86_64-fedora-gcc 0.20.1 121.57 NOTE
r-devel-windows-x86_64-new-UL 0.20.1 26.00 116.00 142.00 NOTE
r-devel-windows-x86_64-new-TK 0.20.1 NOTE
r-devel-windows-x86_64-old 0.20.1 21.00 73.00 94.00 NOTE
r-patched-linux-x86_64 0.20.1 14.33 97.25 111.58 NOTE
r-release-linux-x86_64 0.20.1 12.22 96.76 108.98 NOTE
r-release-macos-arm64 0.20.1 NOTE
r-release-macos-x86_64 0.20.1 NOTE
r-release-windows-ix86+x86_64 0.20.1 17.00 97.00 114.00 NOTE
r-oldrel-macos-x86_64 0.20.1 OK
r-oldrel-windows-ix86+x86_64 0.20.1 23.00 104.00 127.00 OK

Check Details

Version: 0.20.1
Check: LazyData
Result: NOTE
     'LazyData' is specified without a 'data' directory
Flavors: r-devel-linux-x86_64-debian-clang, r-devel-linux-x86_64-debian-gcc, r-devel-linux-x86_64-fedora-clang, r-devel-linux-x86_64-fedora-gcc, r-devel-windows-x86_64-new-UL, r-devel-windows-x86_64-new-TK, r-devel-windows-x86_64-old, r-patched-linux-x86_64, r-release-linux-x86_64, r-release-macos-arm64, r-release-macos-x86_64, r-release-windows-ix86+x86_64