CRAN Package Check Results for Package vannstats

Last updated on 2022-01-25 10:53:34 CET.

Flavor Version Tinstall Tcheck Ttotal Status Flags
r-devel-linux-x86_64-debian-clang 1.2.1.19 8.12 73.86 81.98 OK
r-devel-linux-x86_64-debian-gcc 1.2.1.19 6.51 54.55 61.06 OK
r-devel-linux-x86_64-fedora-clang 1.2.1.19 94.39 NOTE
r-devel-linux-x86_64-fedora-gcc 1.2.1.19 83.38 NOTE
r-devel-windows-x86_64-new-UL 1.2.1.19 26.00 92.00 118.00 OK
r-devel-windows-x86_64-new-TK 1.2.1.19 ERROR
r-patched-linux-x86_64 1.2.1.19 6.73 65.41 72.14 OK
r-release-linux-x86_64 1.2.1.19 5.87 66.79 72.66 OK
r-release-macos-arm64 1.2.1.8 NOTE
r-release-macos-x86_64 1.2.1.19 NOTE
r-release-windows-ix86+x86_64 1.2.1.19 21.00 81.00 102.00 OK
r-oldrel-macos-x86_64 1.0.12.16 NOTE
r-oldrel-windows-ix86+x86_64 1.2.1.19 21.00 80.00 101.00 OK

Check Details

Version: 1.2.1.19
Check: dependencies in R code
Result: NOTE
    Namespaces in Imports field not imported from:
     ‘MASS’ ‘car’ ‘tidyverse’
     All declared Imports should be used.
Flavors: r-devel-linux-x86_64-fedora-clang, r-devel-linux-x86_64-fedora-gcc, r-release-macos-x86_64

Version: 1.2.1.19
Check: package dependencies
Result: ERROR
    Packages required but not available: 'car', 'rstatix'
    
    See section 'The DESCRIPTION file' in the 'Writing R Extensions'
    manual.
Flavor: r-devel-windows-x86_64-new-TK

Version: 1.2.1.8
Check: dependencies in R code
Result: NOTE
    Namespaces in Imports field not imported from:
     ‘MASS’ ‘car’ ‘tidyverse’
     All declared Imports should be used.
Flavor: r-release-macos-arm64

Version: 1.0.12.16
Check: dependencies in R code
Result: NOTE
    Namespaces in Imports field not imported from:
     ‘MASS’ ‘car’ ‘tidyverse’
     All declared Imports should be used.
Flavor: r-oldrel-macos-x86_64

Version: 1.0.12.16
Check: data for non-ASCII characters
Result: NOTE
     Note: found 2 marked UTF-8 strings
Flavor: r-oldrel-macos-x86_64