CRAN Package Check Results for Package valr

Last updated on 2022-12-09 10:00:38 CET.

Flavor Version Tinstall Tcheck Ttotal Status Flags
r-devel-linux-x86_64-debian-clang 0.6.6 183.53 491.69 675.22 OK
r-devel-linux-x86_64-debian-gcc 0.6.6 164.04 376.87 540.91 OK
r-devel-linux-x86_64-fedora-clang 0.6.6 715.74 OK
r-devel-linux-x86_64-fedora-gcc 0.6.6 745.32 OK
r-devel-windows-x86_64 0.6.6 161.00 564.00 725.00 OK
r-patched-linux-x86_64 0.6.6 164.90 455.52 620.42 OK
r-release-linux-x86_64 0.6.6 125.40 466.61 592.01 OK
r-release-macos-arm64 0.6.6 242.00 NOTE
r-release-macos-x86_64 0.6.6 287.00 NOTE
r-release-windows-x86_64 0.6.6 171.00 555.00 726.00 OK
r-oldrel-macos-arm64 0.6.6 227.00 NOTE
r-oldrel-macos-x86_64 0.6.6 272.00 NOTE
r-oldrel-windows-ix86+x86_64 0.6.6 458.00 743.00 1201.00 OK

Check Details

Version: 0.6.6
Check: installed package size
Result: NOTE
     installed size is 7.1Mb
     sub-directories of 1Mb or more:
     libs 6.0Mb
Flavors: r-release-macos-arm64, r-release-macos-x86_64, r-oldrel-macos-arm64, r-oldrel-macos-x86_64