CRAN Package Check Results for Package uptasticsearch

Last updated on 2022-12-08 10:53:35 CET.

Flavor Version Tinstall Tcheck Ttotal Status Flags
r-devel-linux-x86_64-debian-clang 0.4.0 5.42 49.39 54.81 NOTE
r-devel-linux-x86_64-debian-gcc 0.4.0 3.65 38.05 41.70 NOTE
r-devel-linux-x86_64-fedora-clang 0.4.0 71.74 NOTE
r-devel-linux-x86_64-fedora-gcc 0.4.0 95.60 NOTE
r-devel-windows-x86_64 0.4.0 74.00 86.00 160.00 NOTE
r-patched-linux-x86_64 0.4.0 3.57 43.57 47.14 NOTE
r-release-linux-x86_64 0.4.0 3.46 45.50 48.96 NOTE
r-release-macos-arm64 0.4.0 23.00 NOTE
r-release-macos-x86_64 0.4.0 38.00 NOTE
r-release-windows-x86_64 0.4.0 54.00 83.00 137.00 NOTE
r-oldrel-macos-arm64 0.4.0 37.00 NOTE
r-oldrel-macos-x86_64 0.4.0 42.00 NOTE
r-oldrel-windows-ix86+x86_64 0.4.0 11.00 71.00 82.00 NOTE

Check Details

Version: 0.4.0
Check: LazyData
Result: NOTE
     'LazyData' is specified without a 'data' directory
Flavors: r-devel-linux-x86_64-debian-clang, r-devel-linux-x86_64-debian-gcc, r-devel-linux-x86_64-fedora-clang, r-devel-linux-x86_64-fedora-gcc, r-devel-windows-x86_64, r-patched-linux-x86_64, r-release-linux-x86_64, r-release-macos-arm64, r-release-macos-x86_64, r-release-windows-x86_64, r-oldrel-macos-arm64, r-oldrel-macos-x86_64, r-oldrel-windows-ix86+x86_64