CRAN Package Check Results for Package uaparserjs

Last updated on 2023-06-06 10:58:06 CEST.

Flavor Version Tinstall Tcheck Ttotal Status Flags
r-devel-linux-x86_64-debian-clang 0.3.5 4.15 40.05 44.20 NOTE
r-devel-linux-x86_64-debian-gcc 0.3.5 3.64 31.93 35.57 NOTE
r-devel-linux-x86_64-fedora-clang 0.3.5 58.46 NOTE
r-devel-linux-x86_64-fedora-gcc 0.3.5 57.61 NOTE
r-devel-windows-x86_64 0.3.5 6.00 51.00 57.00 NOTE
r-patched-linux-x86_64 0.3.5 4.22 40.34 44.56 NOTE
r-release-linux-x86_64 0.3.5 4.08 39.67 43.75 NOTE
r-release-macos-arm64 0.3.5 22.00 NOTE
r-release-macos-x86_64 0.3.5 31.00 NOTE
r-release-windows-x86_64 0.3.5 6.00 52.00 58.00 NOTE
r-oldrel-macos-arm64 0.3.5 17.00 OK
r-oldrel-macos-x86_64 0.3.5 28.00 OK
r-oldrel-windows-x86_64 0.3.5 6.00 58.00 64.00 OK

Check Details

Version: 0.3.5
Check: package subdirectories
Result: NOTE
    Problems with news in ‘NEWS.md’:
    No news entries found.
Flavors: r-devel-linux-x86_64-debian-clang, r-devel-linux-x86_64-debian-gcc, r-devel-linux-x86_64-fedora-clang, r-devel-linux-x86_64-fedora-gcc, r-devel-windows-x86_64, r-patched-linux-x86_64, r-release-linux-x86_64, r-release-macos-arm64, r-release-macos-x86_64, r-release-windows-x86_64