CRAN Package Check Results for Package twitterwidget

Last updated on 2023-03-30 09:55:37 CEST.

Flavor Version Tinstall Tcheck Ttotal Status Flags
r-devel-linux-x86_64-debian-clang 0.1.1 3.14 27.71 30.85 NOTE
r-devel-linux-x86_64-debian-gcc 0.1.1 2.28 22.10 24.38 NOTE
r-devel-linux-x86_64-fedora-clang 0.1.1 38.91 NOTE
r-devel-linux-x86_64-fedora-gcc 0.1.1 36.73 NOTE
r-patched-linux-x86_64 0.1.1 3.08 26.91 29.99 NOTE
r-release-linux-x86_64 0.1.1 2.24 28.08 30.32 NOTE
r-release-macos-arm64 0.1.1 19.00 NOTE
r-release-macos-x86_64 0.1.1 23.00 NOTE
r-release-windows-x86_64 0.1.1 9.00 66.00 75.00 NOTE
r-oldrel-macos-arm64 0.1.1 22.00 NOTE
r-oldrel-macos-x86_64 0.1.1 27.00 NOTE
r-oldrel-windows-ix86+x86_64 0.1.1 7.00 57.00 64.00 NOTE

Check Details

Version: 0.1.1
Check: LazyData
Result: NOTE
     'LazyData' is specified without a 'data' directory
Flavors: r-devel-linux-x86_64-debian-clang, r-devel-linux-x86_64-debian-gcc, r-devel-linux-x86_64-fedora-clang, r-devel-linux-x86_64-fedora-gcc, r-patched-linux-x86_64, r-release-linux-x86_64, r-release-macos-arm64, r-release-macos-x86_64, r-release-windows-x86_64, r-oldrel-macos-arm64, r-oldrel-macos-x86_64, r-oldrel-windows-ix86+x86_64