CRAN Package Check Results for Package tweenr

Last updated on 2023-09-21 10:55:35 CEST.

Flavor Version Tinstall Tcheck Ttotal Status Flags
r-devel-linux-x86_64-debian-clang 2.0.2 33.92 47.17 81.09 NOTE
r-devel-linux-x86_64-debian-gcc 2.0.2 29.82 36.12 65.94 NOTE
r-devel-linux-x86_64-fedora-clang 2.0.2 113.98 NOTE
r-devel-linux-x86_64-fedora-gcc 2.0.2 118.22 NOTE
r-devel-windows-x86_64 2.0.2 34.00 75.00 109.00 NOTE
r-patched-linux-x86_64 2.0.2 40.33 45.92 86.25 NOTE
r-release-linux-x86_64 2.0.2 35.95 45.90 81.85 NOTE
r-release-macos-arm64 2.0.2 35.00 NOTE
r-release-macos-x86_64 2.0.2 47.00 NOTE
r-release-windows-x86_64 2.0.2 41.00 79.00 120.00 NOTE
r-oldrel-macos-arm64 2.0.2 28.00 OK
r-oldrel-macos-x86_64 2.0.2 41.00 OK
r-oldrel-windows-x86_64 2.0.2 38.00 68.00 106.00 OK

Check Details

Version: 2.0.2
Check: C++ specification
Result: NOTE
     Specified C++11: please drop specification unless essential
Flavors: r-devel-linux-x86_64-debian-clang, r-devel-linux-x86_64-debian-gcc, r-devel-linux-x86_64-fedora-clang, r-devel-linux-x86_64-fedora-gcc, r-devel-windows-x86_64, r-patched-linux-x86_64, r-release-linux-x86_64, r-release-macos-arm64, r-release-macos-x86_64, r-release-windows-x86_64