CRAN Package Check Results for Package twangContinuous

Last updated on 2023-03-30 09:55:37 CEST.

Flavor Version Tinstall Tcheck Ttotal Status Flags
r-devel-linux-x86_64-debian-clang 1.0.0 6.65 88.82 95.47 OK
r-devel-linux-x86_64-debian-gcc 1.0.0 7.24 67.33 74.57 OK
r-devel-linux-x86_64-fedora-clang 1.0.0 117.31 NOTE
r-devel-linux-x86_64-fedora-gcc 1.0.0 125.29 NOTE
r-patched-linux-x86_64 1.0.0 8.65 82.62 91.27 OK
r-release-linux-x86_64 1.0.0 7.13 83.25 90.38 OK
r-release-macos-arm64 1.0.0 37.00 NOTE
r-release-macos-x86_64 1.0.0 52.00 NOTE
r-release-windows-x86_64 1.0.0 46.00 135.00 181.00 OK
r-oldrel-macos-arm64 1.0.0 46.00 NOTE
r-oldrel-macos-x86_64 1.0.0 66.00 NOTE
r-oldrel-windows-ix86+x86_64 1.0.0 21.00 115.00 136.00 OK

Check Details

Version: 1.0.0
Check: dependencies in R code
Result: NOTE
    Namespace in Imports field not imported from: ‘Rcpp’
     All declared Imports should be used.
Flavors: r-devel-linux-x86_64-fedora-clang, r-devel-linux-x86_64-fedora-gcc, r-release-macos-arm64, r-release-macos-x86_64, r-oldrel-macos-arm64, r-oldrel-macos-x86_64