Last updated on 2023-03-23 10:54:48 CET.
Flavor | Version | Tinstall | Tcheck | Ttotal | Status | Flags |
---|---|---|---|---|---|---|
r-devel-linux-x86_64-debian-clang | 2.5 | 22.63 | 163.07 | 185.70 | NOTE | --no-vignettes |
r-devel-linux-x86_64-debian-gcc | 2.5 | 18.13 | 121.94 | 140.07 | NOTE | --no-vignettes |
r-devel-linux-x86_64-fedora-clang | 2.5 | 335.22 | NOTE | |||
r-devel-linux-x86_64-fedora-gcc | 2.5 | 335.34 | NOTE | |||
r-devel-windows-x86_64 | 2.5 | 73.00 | 153.00 | 226.00 | NOTE | --no-vignettes |
r-patched-linux-x86_64 | 2.5 | 24.02 | 146.49 | 170.51 | OK | --no-vignettes |
r-release-linux-x86_64 | 2.5 | 21.03 | 144.74 | 165.77 | OK | --no-vignettes |
r-release-macos-arm64 | 2.5 | 115.00 | OK | |||
r-release-macos-x86_64 | 2.5 | 201.00 | OK | |||
r-release-windows-x86_64 | 2.5 | 45.00 | 167.00 | 212.00 | OK | --no-vignettes |
r-oldrel-macos-arm64 | 2.5 | 117.00 | OK | |||
r-oldrel-macos-x86_64 | 2.5 | 156.00 | OK | |||
r-oldrel-windows-ix86+x86_64 | 2.5 | 46.00 | 206.00 | 252.00 | OK | --no-vignettes |
Version: 2.5
Flags: --no-vignettes
Check: Rd files
Result: NOTE
checkRd: (-1) lindner.Rd:44: Escaped LaTeX specials: \_
Flavors: r-devel-linux-x86_64-debian-clang, r-devel-linux-x86_64-debian-gcc, r-devel-windows-x86_64
Version: 2.5
Check: Rd files
Result: NOTE
checkRd: (-1) lindner.Rd:44: Escaped LaTeX specials: \_
Flavors: r-devel-linux-x86_64-fedora-clang, r-devel-linux-x86_64-fedora-gcc