CRAN Package Check Results for Package tukeyGH

Last updated on 2022-12-08 10:53:35 CET.

Flavor Version Tinstall Tcheck Ttotal Status Flags
r-devel-linux-x86_64-debian-clang 1.0.0 3.14 61.79 64.93 OK
r-devel-linux-x86_64-debian-gcc 1.0.0 2.62 81.69 84.31 OK
r-devel-linux-x86_64-fedora-clang 1.0.0 88.04 NOTE
r-devel-linux-x86_64-fedora-gcc 1.0.0 85.92 NOTE
r-devel-windows-x86_64 1.0.0 15.00 171.00 186.00 OK
r-patched-linux-x86_64 1.0.0 2.94 57.35 60.29 OK
r-release-linux-x86_64 1.0.0 3.33 56.85 60.18 OK
r-release-macos-arm64 1.0.0 22.00 NOTE
r-release-macos-x86_64 1.0.0 32.00 NOTE
r-release-windows-x86_64 1.0.0 24.00 95.00 119.00 OK
r-oldrel-macos-arm64 1.0.0 26.00 NOTE
r-oldrel-macos-x86_64 1.0.0 48.00 NOTE
r-oldrel-windows-ix86+x86_64 1.0.0 7.00 93.00 100.00 OK

Check Details

Version: 1.0.0
Check: dependencies in R code
Result: NOTE
    Namespace in Imports field not imported from: ‘Rdpack’
     All declared Imports should be used.
Flavors: r-devel-linux-x86_64-fedora-clang, r-devel-linux-x86_64-fedora-gcc, r-release-macos-arm64, r-release-macos-x86_64, r-oldrel-macos-arm64, r-oldrel-macos-x86_64