CRAN Package Check Results for Package tsutils

Last updated on 2022-01-25 09:48:54 CET.

Flavor Version Tinstall Tcheck Ttotal Status Flags
r-devel-linux-x86_64-debian-clang 0.9.2 12.55 101.54 114.09 OK
r-devel-linux-x86_64-debian-gcc 0.9.2 11.01 76.10 87.11 OK
r-devel-linux-x86_64-fedora-clang 0.9.2 131.63 NOTE
r-devel-linux-x86_64-fedora-gcc 0.9.2 121.60 OK
r-devel-windows-x86_64-new-UL 0.9.2 49.00 117.00 166.00 OK
r-devel-windows-x86_64-new-TK 0.9.2 ERROR
r-patched-linux-x86_64 0.9.2 11.20 93.97 105.17 OK
r-release-linux-x86_64 0.9.2 7.73 94.58 102.31 OK
r-release-macos-arm64 0.9.2 OK
r-release-macos-x86_64 0.9.2 OK
r-release-windows-ix86+x86_64 0.9.2 27.00 112.00 139.00 OK
r-oldrel-macos-x86_64 0.9.2 OK
r-oldrel-windows-ix86+x86_64 0.9.2 27.00 114.00 141.00 OK

Check Details

Version: 0.9.2
Check: Rd cross-references
Result: NOTE
    Undeclared package ‘glmnet’ in Rd xrefs
Flavor: r-devel-linux-x86_64-fedora-clang

Version: 0.9.2
Check: package dependencies
Result: ERROR
    Package required but not available: 'MAPA'
    
    See section 'The DESCRIPTION file' in the 'Writing R Extensions'
    manual.
Flavor: r-devel-windows-x86_64-new-TK