CRAN Package Check Results for Package trustOptim

Last updated on 2022-12-08 10:53:34 CET.

Flavor Version Tinstall Tcheck Ttotal Status Flags
r-devel-linux-x86_64-debian-clang 0.8.7.3 53.30 78.44 131.74 OK
r-devel-linux-x86_64-debian-gcc 0.8.7.3 37.46 62.05 99.51 OK
r-devel-linux-x86_64-fedora-clang 0.8.7.3 173.34 OK
r-devel-linux-x86_64-fedora-gcc 0.8.7.3 205.63 OK
r-devel-windows-x86_64 0.8.7.3 44.00 129.00 173.00 OK
r-patched-linux-x86_64 0.8.7.3 40.13 76.75 116.88 OK
r-release-linux-x86_64 0.8.7.3 40.95 90.80 131.75 OK
r-release-macos-arm64 0.8.7.3 51.00 NOTE
r-release-macos-x86_64 0.8.7.3 70.00 NOTE
r-release-windows-x86_64 0.8.7.3 43.00 150.00 193.00 OK
r-oldrel-macos-arm64 0.8.7.3 55.00 NOTE
r-oldrel-macos-x86_64 0.8.7.3 69.00 NOTE
r-oldrel-windows-ix86+x86_64 0.8.7.3 108.00 154.00 262.00 OK

Check Details

Version: 0.8.7.3
Check: installed package size
Result: NOTE
     installed size is 8.9Mb
     sub-directories of 1Mb or more:
     libs 8.6Mb
Flavors: r-release-macos-arm64, r-release-macos-x86_64, r-oldrel-macos-arm64, r-oldrel-macos-x86_64