CRAN Package Check Results for Package triplot

Last updated on 2022-01-28 10:53:31 CET.

Flavor Version Tinstall Tcheck Ttotal Status Flags
r-devel-linux-x86_64-debian-clang 1.3.0 10.90 136.40 147.30 NOTE
r-devel-linux-x86_64-debian-gcc 1.3.0 8.78 100.79 109.57 NOTE
r-devel-linux-x86_64-fedora-clang 1.3.0 163.30 NOTE
r-devel-linux-x86_64-fedora-gcc 1.3.0 156.64 NOTE
r-devel-windows-x86_64-new-UL 1.3.0 28.00 166.00 194.00 NOTE
r-devel-windows-x86_64-new-TK 1.3.0 NOTE
r-patched-linux-x86_64 1.3.0 9.59 115.15 124.74 NOTE
r-release-linux-x86_64 1.3.0 9.04 116.32 125.36 NOTE
r-release-macos-arm64 1.3.0 NOTE
r-release-macos-x86_64 1.3.0 NOTE
r-release-windows-ix86+x86_64 1.3.0 24.00 136.00 160.00 NOTE
r-oldrel-macos-x86_64 1.3.0 OK
r-oldrel-windows-ix86+x86_64 1.3.0 26.00 137.00 163.00 OK

Check Details

Version: 1.3.0
Check: LazyData
Result: NOTE
     'LazyData' is specified without a 'data' directory
Flavors: r-devel-linux-x86_64-debian-clang, r-devel-linux-x86_64-debian-gcc, r-devel-linux-x86_64-fedora-clang, r-devel-linux-x86_64-fedora-gcc, r-devel-windows-x86_64-new-UL, r-devel-windows-x86_64-new-TK, r-patched-linux-x86_64, r-release-linux-x86_64, r-release-macos-arm64, r-release-macos-x86_64, r-release-windows-ix86+x86_64