Last updated on 2023-03-30 09:55:37 CEST.
Flavor | Version | Tinstall | Tcheck | Ttotal | Status | Flags |
---|---|---|---|---|---|---|
r-devel-linux-x86_64-debian-clang | 0.1.6 | 923.98 | 475.45 | 1399.43 | NOTE | |
r-devel-linux-x86_64-debian-gcc | 0.1.6 | 883.18 | 408.88 | 1292.06 | NOTE | |
r-devel-linux-x86_64-fedora-clang | 0.1.6 | 1757.05 | NOTE | |||
r-devel-linux-x86_64-fedora-gcc | 0.1.6 | 2129.40 | NOTE | |||
r-patched-linux-x86_64 | 0.1.6 | 912.92 | 537.03 | 1449.95 | NOTE | |
r-release-linux-x86_64 | 0.1.6 | 696.11 | 519.32 | 1215.43 | NOTE | |
r-release-macos-arm64 | 0.1.6 | 354.00 | NOTE | |||
r-release-macos-x86_64 | 0.1.6 | 659.00 | NOTE | |||
r-release-windows-x86_64 | 0.1.6 | 2707.00 | 707.00 | 3414.00 | NOTE | |
r-oldrel-macos-arm64 | 0.1.6 | 456.00 | NOTE | |||
r-oldrel-macos-x86_64 | 0.1.6 | 680.00 | NOTE | |||
r-oldrel-windows-ix86+x86_64 | 0.1.6 | 1106.00 | 652.00 | 1758.00 | NOTE |
Version: 0.1.6
Check: for GNU extensions in Makefiles
Result: NOTE
GNU make is a SystemRequirements.
Flavors: r-devel-linux-x86_64-debian-clang, r-devel-linux-x86_64-debian-gcc, r-devel-linux-x86_64-fedora-clang, r-devel-linux-x86_64-fedora-gcc, r-patched-linux-x86_64, r-release-linux-x86_64, r-release-macos-arm64, r-release-macos-x86_64, r-release-windows-x86_64, r-oldrel-macos-arm64, r-oldrel-macos-x86_64, r-oldrel-windows-ix86+x86_64
Version: 0.1.6
Check: installed package size
Result: NOTE
installed size is 14.0Mb
sub-directories of 1Mb or more:
doc 3.9Mb
libs 9.0Mb
Flavors: r-devel-linux-x86_64-fedora-clang, r-release-macos-arm64, r-release-macos-x86_64, r-release-windows-x86_64, r-oldrel-macos-arm64, r-oldrel-macos-x86_64, r-oldrel-windows-ix86+x86_64