Last updated on 2022-07-02 10:49:42 CEST.
Flavor | Version | Tinstall | Tcheck | Ttotal | Status | Flags |
---|---|---|---|---|---|---|
r-devel-linux-x86_64-debian-clang | 0.2.2 | 4.58 | 106.00 | 110.58 | NOTE | |
r-devel-linux-x86_64-debian-gcc | 0.2.2 | 3.21 | 80.02 | 83.23 | NOTE | |
r-devel-linux-x86_64-fedora-clang | 0.2.2 | 145.26 | NOTE | |||
r-devel-linux-x86_64-fedora-gcc | 0.2.2 | 150.58 | NOTE | |||
r-devel-windows-x86_64 | 0.2.2 | 24.00 | 194.00 | 218.00 | NOTE | |
r-patched-linux-x86_64 | 0.2.2 | 3.68 | 109.30 | 112.98 | NOTE | |
r-release-linux-x86_64 | 0.2.2 | 3.97 | 106.44 | 110.41 | NOTE | |
r-release-macos-arm64 | 0.2.2 | 55.00 | NOTE | |||
r-release-macos-x86_64 | 0.2.2 | 105.00 | NOTE | |||
r-release-windows-x86_64 | 0.2.2 | 18.00 | 187.00 | 205.00 | NOTE | |
r-oldrel-macos-arm64 | 0.2.2 | 68.00 | NOTE | |||
r-oldrel-macos-x86_64 | 0.2.2 | 126.00 | NOTE | |||
r-oldrel-windows-ix86+x86_64 | 0.2.2 | 11.00 | 178.00 | 189.00 | NOTE |
Version: 0.2.2
Check: LazyData
Result: NOTE
'LazyData' is specified without a 'data' directory
Flavors: r-devel-linux-x86_64-debian-clang, r-devel-linux-x86_64-debian-gcc, r-devel-linux-x86_64-fedora-clang, r-devel-linux-x86_64-fedora-gcc, r-devel-windows-x86_64, r-patched-linux-x86_64, r-release-linux-x86_64, r-release-macos-arm64, r-release-macos-x86_64, r-release-windows-x86_64, r-oldrel-macos-arm64, r-oldrel-macos-x86_64, r-oldrel-windows-ix86+x86_64