CRAN Package Check Results for Package transformr

Last updated on 2023-12-07 10:49:58 CET.

Flavor Version Tinstall Tcheck Ttotal Status Flags
r-devel-linux-x86_64-debian-clang 0.1.4 17.43 64.89 82.32 NOTE
r-devel-linux-x86_64-debian-gcc 0.1.4 13.94 49.60 63.54 NOTE
r-devel-linux-x86_64-fedora-clang 0.1.4 106.80 NOTE
r-devel-linux-x86_64-fedora-gcc 0.1.4 102.72 NOTE
r-devel-windows-x86_64 0.1.4 20.00 73.00 93.00 NOTE
r-patched-linux-x86_64 0.1.4 17.12 62.36 79.48 NOTE
r-release-linux-x86_64 0.1.4 17.69 61.53 79.22 NOTE
r-release-macos-arm64 0.1.4 38.00 NOTE
r-release-macos-x86_64 0.1.4 55.00 NOTE
r-release-windows-x86_64 0.1.4 22.00 81.00 103.00 NOTE
r-oldrel-macos-arm64 0.1.4 34.00 OK
r-oldrel-macos-x86_64 0.1.4 44.00 OK
r-oldrel-windows-x86_64 0.1.4 22.00 84.00 106.00 OK

Check Details

Version: 0.1.4
Check: C++ specification
Result: NOTE Specified C++11: please drop specification unless essential Flavors: r-devel-linux-x86_64-debian-clang, r-devel-linux-x86_64-debian-gcc, r-devel-linux-x86_64-fedora-clang, r-devel-linux-x86_64-fedora-gcc, r-devel-windows-x86_64, r-patched-linux-x86_64, r-release-linux-x86_64, r-release-macos-arm64, r-release-macos-x86_64, r-release-windows-x86_64