CRAN Package Check Results for Package tramME

Last updated on 2022-09-27 10:49:20 CEST.

Flavor Version Tinstall Tcheck Ttotal Status Flags
r-devel-linux-x86_64-debian-clang 1.0.3 129.69 259.64 389.33 OK
r-devel-linux-x86_64-debian-gcc 1.0.3 120.49 190.60 311.09 OK
r-devel-linux-x86_64-fedora-clang 1.0.3 479.17 OK
r-devel-linux-x86_64-fedora-gcc 1.0.3 519.96 OK
r-devel-windows-x86_64 1.0.3 105.00 377.00 482.00 NOTE
r-patched-linux-x86_64 1.0.3 115.22 246.14 361.36 OK
r-release-linux-x86_64 1.0.3 112.72 249.23 361.95 OK
r-release-macos-arm64 1.0.3 142.00 NOTE
r-release-macos-x86_64 1.0.3 186.00 NOTE
r-release-windows-x86_64 1.0.3 100.00 361.00 461.00 NOTE
r-oldrel-macos-arm64 1.0.3 139.00 NOTE
r-oldrel-macos-x86_64 1.0.3 188.00 NOTE
r-oldrel-windows-ix86+x86_64 1.0.3 247.00 407.00 654.00 NOTE

Check Details

Version: 1.0.3
Check: installed package size
Result: NOTE
     installed size is 15.7Mb
     sub-directories of 1Mb or more:
     doc 2.1Mb
     libs 13.1Mb
Flavors: r-devel-windows-x86_64, r-release-macos-arm64, r-release-macos-x86_64, r-release-windows-x86_64, r-oldrel-macos-arm64, r-oldrel-macos-x86_64, r-oldrel-windows-ix86+x86_64