CRAN Package Check Results for Package tourr

Last updated on 2022-01-28 10:53:31 CET.

Flavor Version Tinstall Tcheck Ttotal Status Flags
r-devel-linux-x86_64-debian-clang 0.6.0 6.01 94.06 100.07 OK
r-devel-linux-x86_64-debian-gcc 0.6.0 4.20 69.42 73.62 OK
r-devel-linux-x86_64-fedora-clang 0.6.0 123.03 NOTE
r-devel-linux-x86_64-fedora-gcc 0.6.0 108.95 NOTE
r-devel-windows-x86_64-new-UL 0.6.0 102.00 140.00 242.00 OK
r-devel-windows-x86_64-new-TK 0.6.0 NOTE
r-patched-linux-x86_64 0.6.0 6.75 89.25 96.00 OK
r-release-linux-x86_64 0.6.0 4.61 87.46 92.07 OK
r-release-macos-arm64 0.6.0 NOTE
r-release-macos-x86_64 0.6.0 NOTE
r-release-windows-ix86+x86_64 0.6.0 12.00 121.00 133.00 OK
r-oldrel-macos-x86_64 0.6.0 NOTE
r-oldrel-windows-ix86+x86_64 0.6.0 12.00 121.00 133.00 OK

Check Details

Version: 0.6.0
Check: dependencies in R code
Result: NOTE
    Namespace in Imports field not imported from: ‘tibble’
     All declared Imports should be used.
Flavors: r-devel-linux-x86_64-fedora-clang, r-devel-linux-x86_64-fedora-gcc, r-devel-windows-x86_64-new-TK, r-release-macos-arm64, r-release-macos-x86_64, r-oldrel-macos-x86_64