CRAN Package Check Results for Package tosca

Last updated on 2022-11-28 09:50:59 CET.

Flavor Version Tinstall Tcheck Ttotal Status Flags
r-devel-linux-x86_64-debian-clang 0.3-2 10.33 109.57 119.90 NOTE
r-devel-linux-x86_64-debian-gcc 0.3-2 8.93 80.84 89.77 NOTE
r-devel-linux-x86_64-fedora-clang 0.3-2 157.40 NOTE
r-devel-linux-x86_64-fedora-gcc 0.3-2 150.41 NOTE
r-devel-windows-x86_64 0.3-2 58.00 171.00 229.00 NOTE
r-patched-linux-x86_64 0.3-2 14.94 102.97 117.91 NOTE
r-release-linux-x86_64 0.3-2 11.83 101.58 113.41 NOTE
r-release-macos-arm64 0.3-2 77.00 NOTE
r-release-macos-x86_64 0.3-2 91.00 NOTE
r-release-windows-x86_64 0.3-2 44.00 151.00 195.00 NOTE
r-oldrel-macos-arm64 0.3-2 67.00 NOTE
r-oldrel-macos-x86_64 0.3-2 87.00 NOTE
r-oldrel-windows-ix86+x86_64 0.3-2 20.00 161.00 181.00 NOTE

Check Details

Version: 0.3-2
Check: package dependencies
Result: NOTE
    Package suggested but not available for checking: 'toscaData'
Flavors: r-devel-linux-x86_64-debian-clang, r-devel-linux-x86_64-debian-gcc, r-devel-linux-x86_64-fedora-clang, r-devel-linux-x86_64-fedora-gcc, r-devel-windows-x86_64, r-patched-linux-x86_64, r-release-linux-x86_64, r-release-macos-arm64, r-release-macos-x86_64, r-release-windows-x86_64, r-oldrel-macos-arm64, r-oldrel-macos-x86_64, r-oldrel-windows-ix86+x86_64