CRAN Package Check Results for Package tor

Last updated on 2022-12-04 09:55:33 CET.

Flavor Version Tinstall Tcheck Ttotal Status Flags
r-devel-linux-x86_64-debian-clang 1.1.2 3.31 37.45 40.76 NOTE
r-devel-linux-x86_64-debian-gcc 1.1.2 2.20 29.53 31.73 NOTE
r-devel-linux-x86_64-fedora-clang 1.1.2 60.95 NOTE
r-devel-linux-x86_64-fedora-gcc 1.1.2 58.27 NOTE
r-devel-windows-x86_64 1.1.2 14.00 70.00 84.00 NOTE
r-patched-linux-x86_64 1.1.2 3.29 35.50 38.79 NOTE
r-release-linux-x86_64 1.1.2 3.04 35.90 38.94 NOTE
r-release-macos-arm64 1.1.2 18.00 NOTE
r-release-macos-x86_64 1.1.2 31.00 NOTE
r-release-windows-x86_64 1.1.2 12.00 74.00 86.00 NOTE
r-oldrel-macos-arm64 1.1.2 22.00 NOTE
r-oldrel-macos-x86_64 1.1.2 25.00 NOTE
r-oldrel-windows-ix86+x86_64 1.1.2 7.00 66.00 73.00 NOTE

Check Details

Version: 1.1.2
Check: LazyData
Result: NOTE
     'LazyData' is specified without a 'data' directory
Flavors: r-devel-linux-x86_64-debian-clang, r-devel-linux-x86_64-debian-gcc, r-devel-linux-x86_64-fedora-clang, r-devel-linux-x86_64-fedora-gcc, r-devel-windows-x86_64, r-patched-linux-x86_64, r-release-linux-x86_64, r-release-macos-arm64, r-release-macos-x86_64, r-release-windows-x86_64, r-oldrel-macos-arm64, r-oldrel-macos-x86_64, r-oldrel-windows-ix86+x86_64