CRAN Package Check Results for Package topicmodels

Last updated on 2022-10-07 10:53:23 CEST.

Flavor Version Tinstall Tcheck Ttotal Status Flags
r-devel-linux-x86_64-debian-clang 0.2-12 13.40 143.80 157.20 NOTE
r-devel-linux-x86_64-debian-gcc 0.2-12 11.31 107.29 118.60 NOTE
r-devel-linux-x86_64-fedora-clang 0.2-12 205.01 NOTE
r-devel-linux-x86_64-fedora-gcc 0.2-12 202.09 NOTE
r-devel-windows-x86_64 0.2-12 24.00 243.00 267.00 NOTE
r-patched-linux-x86_64 0.2-12 10.92 144.51 155.43 NOTE
r-release-linux-x86_64 0.2-12 12.27 141.61 153.88 NOTE
r-release-macos-arm64 0.2-12 110.00 NOTE
r-release-macos-x86_64 0.2-12 133.00 NOTE
r-release-windows-x86_64 0.2-12 96.00 249.00 345.00 NOTE
r-oldrel-macos-arm64 0.2-12 117.00 NOTE
r-oldrel-macos-x86_64 0.2-12 187.00 NOTE
r-oldrel-windows-ix86+x86_64 0.2-12 45.00 229.00 274.00 NOTE

Check Details

Version: 0.2-12
Check: package dependencies
Result: NOTE
    Packages suggested but not available for checking:
     'lasso2', 'corpus.JSS.papers'
Flavors: r-devel-linux-x86_64-debian-clang, r-devel-linux-x86_64-debian-gcc, r-devel-linux-x86_64-fedora-clang, r-devel-linux-x86_64-fedora-gcc, r-patched-linux-x86_64, r-release-linux-x86_64

Version: 0.2-12
Check: compilation flags used
Result: NOTE
    Compilation used the following non-portable flag(s):
     ‘-Wstrict-prototypes’
Flavor: r-devel-linux-x86_64-debian-gcc

Version: 0.2-12
Check: package dependencies
Result: NOTE
    Package suggested but not available for checking: 'corpus.JSS.papers'
Flavors: r-devel-windows-x86_64, r-release-macos-arm64, r-release-macos-x86_64, r-release-windows-x86_64, r-oldrel-macos-arm64, r-oldrel-macos-x86_64, r-oldrel-windows-ix86+x86_64