CRAN Package Check Results for Package tokenizers

Last updated on 2023-01-31 10:52:25 CET.

Flavor Version Tinstall Tcheck Ttotal Status Flags
r-devel-linux-x86_64-debian-clang 0.3.0 29.62 45.50 75.12 OK
r-devel-linux-x86_64-debian-gcc 0.3.0 24.20 34.98 59.18 OK
r-devel-linux-x86_64-fedora-clang 0.3.0 104.91 NOTE
r-devel-linux-x86_64-fedora-gcc 0.3.0 104.27 NOTE
r-devel-windows-x86_64 0.3.0 56.00 109.00 165.00 OK
r-patched-linux-x86_64 0.3.0 22.34 43.67 66.01 OK
r-release-linux-x86_64 0.3.0 23.86 42.36 66.22 OK
r-release-macos-arm64 0.3.0 36.00 OK
r-release-macos-x86_64 0.3.0 72.00 OK
r-release-windows-x86_64 0.3.0 50.00 111.00 161.00 OK
r-oldrel-macos-arm64 0.3.0 50.00 OK
r-oldrel-macos-x86_64 0.3.0 76.00 OK
r-oldrel-windows-ix86+x86_64 0.3.0 70.00 103.00 173.00 OK

Check Details

Version: 0.3.0
Check: data for non-ASCII characters
Result: NOTE
     Note: found 1 marked UTF-8 string
Flavors: r-devel-linux-x86_64-fedora-clang, r-devel-linux-x86_64-fedora-gcc