CRAN Package Check Results for Package tokenizers.bpe

Last updated on 2022-12-07 10:50:12 CET.

Flavor Version Tinstall Tcheck Ttotal Status Flags
r-devel-linux-x86_64-debian-clang 0.1.0 124.79 30.78 155.57 OK
r-devel-linux-x86_64-debian-gcc 0.1.0 100.27 24.32 124.59 OK
r-devel-linux-x86_64-fedora-clang 0.1.0 239.70 OK
r-devel-linux-x86_64-fedora-gcc 0.1.0 219.72 OK
r-devel-windows-x86_64 0.1.0 207.00 89.00 296.00 OK
r-patched-linux-x86_64 0.1.0 105.33 29.68 135.01 OK
r-release-linux-x86_64 0.1.0 99.46 30.15 129.61 OK
r-release-macos-arm64 0.1.0 52.00 NOTE
r-release-macos-x86_64 0.1.0 73.00 NOTE
r-release-windows-x86_64 0.1.0 97.00 82.00 179.00 OK
r-oldrel-macos-arm64 0.1.0 56.00 NOTE
r-oldrel-macos-x86_64 0.1.0 101.00 NOTE
r-oldrel-windows-ix86+x86_64 0.1.0 278.00 89.00 367.00 OK

Check Details

Version: 0.1.0
Check: installed package size
Result: NOTE
     installed size is 6.2Mb
     sub-directories of 1Mb or more:
     libs 5.2Mb
Flavors: r-release-macos-arm64, r-release-macos-x86_64, r-oldrel-macos-arm64, r-oldrel-macos-x86_64