Last updated on 2023-01-31 10:52:25 CET.
Flavor | Version | Tinstall | Tcheck | Ttotal | Status | Flags |
---|---|---|---|---|---|---|
r-devel-linux-x86_64-debian-clang | 1.1.1 | 2.30 | 26.79 | 29.09 | NOTE | |
r-devel-linux-x86_64-debian-gcc | 1.1.1 | 2.11 | 20.70 | 22.81 | NOTE | |
r-devel-linux-x86_64-fedora-clang | 1.1.1 | 37.83 | NOTE | |||
r-devel-linux-x86_64-fedora-gcc | 1.1.1 | 35.52 | NOTE | |||
r-devel-windows-x86_64 | 1.1.1 | 22.00 | 56.00 | 78.00 | NOTE | |
r-patched-linux-x86_64 | 1.1.1 | 2.36 | 25.93 | 28.29 | NOTE | |
r-release-linux-x86_64 | 1.1.1 | 2.74 | 26.17 | 28.91 | NOTE | |
r-release-macos-arm64 | 1.1.1 | 15.00 | NOTE | |||
r-release-macos-x86_64 | 1.1.1 | 21.00 | NOTE | |||
r-release-windows-x86_64 | 1.1.1 | 25.00 | 56.00 | 81.00 | NOTE | |
r-oldrel-macos-arm64 | 1.1.1 | 25.00 | NOTE | |||
r-oldrel-macos-x86_64 | 1.1.1 | 27.00 | NOTE | |||
r-oldrel-windows-ix86+x86_64 | 1.1.1 | 7.00 | 50.00 | 57.00 | NOTE |
Version: 1.1.1
Check: LazyData
Result: NOTE
'LazyData' is specified without a 'data' directory
Flavors: r-devel-linux-x86_64-debian-clang, r-devel-linux-x86_64-debian-gcc, r-devel-linux-x86_64-fedora-clang, r-devel-linux-x86_64-fedora-gcc, r-devel-windows-x86_64, r-patched-linux-x86_64, r-release-linux-x86_64, r-release-macos-arm64, r-release-macos-x86_64, r-release-windows-x86_64, r-oldrel-macos-arm64, r-oldrel-macos-x86_64, r-oldrel-windows-ix86+x86_64