CRAN Package Check Results for Package tlrmvnmvt

Last updated on 2022-09-30 10:54:05 CEST.

Flavor Version Tinstall Tcheck Ttotal Status Flags
r-devel-linux-x86_64-debian-clang 1.1.2 221.17 43.89 265.06 OK
r-devel-linux-x86_64-debian-gcc 1.1.2 169.11 35.30 204.41 OK
r-devel-linux-x86_64-fedora-clang 1.1.2 451.55 OK
r-devel-linux-x86_64-fedora-gcc 1.1.2 360.60 OK
r-devel-windows-x86_64 1.1.2 170.00 98.00 268.00 OK
r-patched-linux-x86_64 1.1.2 182.98 45.53 228.51 OK
r-release-linux-x86_64 1.1.2 184.59 44.28 228.87 OK
r-release-macos-arm64 1.1.2 96.00 NOTE
r-release-macos-x86_64 1.1.2 114.00 NOTE
r-release-windows-x86_64 1.1.2 179.00 94.00 273.00 OK
r-oldrel-macos-arm64 1.1.1 80.00 NOTE
r-oldrel-macos-x86_64 1.1.1 108.00 NOTE

Check Details

Version: 1.1.2
Check: installed package size
Result: NOTE
     installed size is 10.5Mb
     sub-directories of 1Mb or more:
     libs 10.3Mb
Flavors: r-release-macos-arm64, r-release-macos-x86_64

Version: 1.1.1
Check: installed package size
Result: NOTE
     installed size is 11.4Mb
     sub-directories of 1Mb or more:
     libs 11.3Mb
Flavors: r-oldrel-macos-arm64, r-oldrel-macos-x86_64