CRAN Package Check Results for Package titrationCurves

Last updated on 2024-07-13 10:49:01 CEST.

Flavor Version Tinstall Tcheck Ttotal Status Flags
r-devel-linux-x86_64-debian-clang 0.1.0 2.79 46.92 49.71 NOTE
r-devel-linux-x86_64-debian-gcc 0.1.0 2.28 35.63 37.91 NOTE
r-devel-linux-x86_64-fedora-clang 0.1.0 67.13 NOTE
r-devel-linux-x86_64-fedora-gcc 0.1.0 73.20 NOTE
r-devel-windows-x86_64 0.1.0 3.00 116.00 119.00 NOTE
r-patched-linux-x86_64 0.1.0 2.79 39.57 42.36 NOTE
r-release-linux-x86_64 0.1.0 3.33 43.32 46.65 NOTE
r-release-macos-arm64 0.1.0 27.00 NOTE
r-release-macos-x86_64 0.1.0 45.00 NOTE
r-release-windows-x86_64 0.1.0 4.00 115.00 119.00 NOTE
r-oldrel-macos-arm64 0.1.0 30.00 NOTE
r-oldrel-macos-x86_64 0.1.0 37.00 NOTE
r-oldrel-windows-x86_64 0.1.0 4.00 95.00 99.00 NOTE

Check Details

Version: 0.1.0
Check: LazyData
Result: NOTE 'LazyData' is specified without a 'data' directory Flavors: r-devel-linux-x86_64-debian-clang, r-devel-linux-x86_64-debian-gcc, r-devel-linux-x86_64-fedora-clang, r-devel-linux-x86_64-fedora-gcc, r-devel-windows-x86_64, r-patched-linux-x86_64, r-release-linux-x86_64, r-release-macos-arm64, r-release-macos-x86_64, r-release-windows-x86_64, r-oldrel-macos-arm64, r-oldrel-macos-x86_64, r-oldrel-windows-x86_64