CRAN Package Check Results for Package tinter

Last updated on 2022-09-29 09:55:46 CEST.

Flavor Version Tinstall Tcheck Ttotal Status Flags
r-devel-linux-x86_64-debian-clang 0.1.0 2.48 29.90 32.38 NOTE
r-devel-linux-x86_64-debian-gcc 0.1.0 1.96 23.34 25.30 NOTE
r-devel-linux-x86_64-fedora-clang 0.1.0 51.43 NOTE
r-devel-linux-x86_64-fedora-gcc 0.1.0 48.77 NOTE
r-devel-windows-x86_64 0.1.0 14.00 60.00 74.00 NOTE
r-patched-linux-x86_64 0.1.0 2.69 28.31 31.00 NOTE
r-release-linux-x86_64 0.1.0 2.32 28.79 31.11 NOTE
r-release-macos-arm64 0.1.0 19.00 NOTE
r-release-macos-x86_64 0.1.0 24.00 NOTE
r-release-windows-x86_64 0.1.0 9.00 58.00 67.00 NOTE
r-oldrel-macos-arm64 0.1.0 21.00 NOTE
r-oldrel-macos-x86_64 0.1.0 27.00 NOTE
r-oldrel-windows-ix86+x86_64 0.1.0 7.00 54.00 61.00 NOTE

Check Details

Version: 0.1.0
Check: LazyData
Result: NOTE
     'LazyData' is specified without a 'data' directory
Flavors: r-devel-linux-x86_64-debian-clang, r-devel-linux-x86_64-debian-gcc, r-devel-linux-x86_64-fedora-clang, r-devel-linux-x86_64-fedora-gcc, r-devel-windows-x86_64, r-patched-linux-x86_64, r-release-linux-x86_64, r-release-macos-arm64, r-release-macos-x86_64, r-release-windows-x86_64, r-oldrel-macos-arm64, r-oldrel-macos-x86_64, r-oldrel-windows-ix86+x86_64